{"id":888,"date":"2023-10-29T13:07:25","date_gmt":"2023-10-29T16:07:25","guid":{"rendered":"https:\/\/shop.magian.com.ar\/?post_type=product&#038;p=888"},"modified":"2025-08-05T20:23:42","modified_gmt":"2025-08-05T23:23:42","slug":"funda-de-almohadon-cleopatra","status":"publish","type":"product","link":"https:\/\/shop.magian.com.ar\/index.php\/producto\/funda-de-almohadon-cleopatra\/","title":{"rendered":"Funda de Almohad\u00f3n Cleopatra"},"content":{"rendered":"<p>Funda de Almohad\u00f3n bicolor con cierre, fest\u00f3n y falso strass.<\/p>\n<p>Colores:<\/p>\n<ul>\n<li>Negro<\/li>\n<\/ul>\n<p><img decoding=\"async\" loading=\"lazy\" class=\"alignnone wp-image-891\" src=\"https:\/\/shop.magian.com.ar\/wp-content\/uploads\/2023\/10\/RASO.png\" alt=\"\" width=\"100\" height=\"100\" \/><\/p>\n<ul>\n<li>Gris Perla<\/li>\n<\/ul>\n<p><img decoding=\"async\" loading=\"lazy\" class=\"alignnone wp-image-249\" src=\"https:\/\/shop.magian.com.ar\/wp-content\/uploads\/2023\/09\/tusor-perla-2-80-telavendo-web1-d5ca9919befba4219016717191449522-1024-1024-300x300.jpg\" alt=\"\" width=\"100\" height=\"100\" srcset=\"https:\/\/shop.magian.com.ar\/wp-content\/uploads\/2023\/09\/tusor-perla-2-80-telavendo-web1-d5ca9919befba4219016717191449522-1024-1024-300x300.jpg 300w, https:\/\/shop.magian.com.ar\/wp-content\/uploads\/2023\/09\/tusor-perla-2-80-telavendo-web1-d5ca9919befba4219016717191449522-1024-1024-150x150.jpg 150w, https:\/\/shop.magian.com.ar\/wp-content\/uploads\/2023\/09\/tusor-perla-2-80-telavendo-web1-d5ca9919befba4219016717191449522-1024-1024-768x768.jpg 768w, https:\/\/shop.magian.com.ar\/wp-content\/uploads\/2023\/09\/tusor-perla-2-80-telavendo-web1-d5ca9919befba4219016717191449522-1024-1024-600x600.jpg 600w, https:\/\/shop.magian.com.ar\/wp-content\/uploads\/2023\/09\/tusor-perla-2-80-telavendo-web1-d5ca9919befba4219016717191449522-1024-1024-100x100.jpg 100w, https:\/\/shop.magian.com.ar\/wp-content\/uploads\/2023\/09\/tusor-perla-2-80-telavendo-web1-d5ca9919befba4219016717191449522-1024-1024.jpg 1024w\" sizes=\"(max-width: 100px) 100vw, 100px\" \/><\/p>\n<p>Medidas:<\/p>\n<ul>\n<li>45 x 35 cm.<\/li>\n<\/ul>\n<p>Telas:<\/p>\n<ul>\n<li>Raso\/Tusor<\/li>\n<\/ul>\n<p>&nbsp;<\/p>\n","protected":false},"excerpt":{"rendered":"<p><img decoding=\"async\" loading=\"lazy\" class=\"alignnone wp-image-896\" src=\"https:\/\/shop.magian.com.ar\/wp-content\/uploads\/2023\/10\/RASO.png\" alt=\"\" width=\"98\" height=\"98\" srcset=\"https:\/\/shop.magian.com.ar\/wp-content\/uploads\/2023\/10\/RASO.png 244w, https:\/\/shop.magian.com.ar\/wp-content\/uploads\/2023\/10\/RASO-150x150.png 150w, https:\/\/shop.magian.com.ar\/wp-content\/uploads\/2023\/10\/RASO-100x100.png 100w\" sizes=\"(max-width: 98px) 100vw, 98px\" \/><\/p>\n<p><img decoding=\"async\" loading=\"lazy\" class=\"alignnone wp-image-897\" src=\"https:\/\/shop.magian.com.ar\/wp-content\/uploads\/2023\/10\/TUSOR-PERLA.png\" alt=\"\" width=\"100\" height=\"100\" srcset=\"https:\/\/shop.magian.com.ar\/wp-content\/uploads\/2023\/10\/TUSOR-PERLA.png 244w, https:\/\/shop.magian.com.ar\/wp-content\/uploads\/2023\/10\/TUSOR-PERLA-150x150.png 150w, https:\/\/shop.magian.com.ar\/wp-content\/uploads\/2023\/10\/TUSOR-PERLA-100x100.png 100w\" sizes=\"(max-width: 100px) 100vw, 100px\" \/><\/p>\n","protected":false},"featured_media":889,"template":"","meta":{"site-sidebar-layout":"default","site-content-layout":"","ast-site-content-layout":"default","site-content-style":"default","site-sidebar-style":"default","ast-global-header-display":"","ast-banner-title-visibility":"","ast-main-header-display":"","ast-hfb-above-header-display":"","ast-hfb-below-header-display":"","ast-hfb-mobile-header-display":"","site-post-title":"","ast-breadcrumbs-content":"","ast-featured-img":"","footer-sml-layout":"","theme-transparent-header-meta":"default","adv-header-id-meta":"","stick-header-meta":"","header-above-stick-meta":"","header-main-stick-meta":"","header-below-stick-meta":"","astra-migrate-meta-layouts":"set"},"product_cat":[22,62],"product_tag":[],"_links":{"self":[{"href":"https:\/\/shop.magian.com.ar\/index.php\/wp-json\/wp\/v2\/product\/888"}],"collection":[{"href":"https:\/\/shop.magian.com.ar\/index.php\/wp-json\/wp\/v2\/product"}],"about":[{"href":"https:\/\/shop.magian.com.ar\/index.php\/wp-json\/wp\/v2\/types\/product"}],"wp:featuredmedia":[{"embeddable":true,"href":"https:\/\/shop.magian.com.ar\/index.php\/wp-json\/wp\/v2\/media\/889"}],"wp:attachment":[{"href":"https:\/\/shop.magian.com.ar\/index.php\/wp-json\/wp\/v2\/media?parent=888"}],"wp:term":[{"taxonomy":"product_cat","embeddable":true,"href":"https:\/\/shop.magian.com.ar\/index.php\/wp-json\/wp\/v2\/product_cat?post=888"},{"taxonomy":"product_tag","embeddable":true,"href":"https:\/\/shop.magian.com.ar\/index.php\/wp-json\/wp\/v2\/product_tag?post=888"}],"curies":[{"name":"wp","href":"https:\/\/api.w.org\/{rel}","templated":true}]}}