{"id":1129,"date":"2025-04-21T15:57:44","date_gmt":"2025-04-21T18:57:44","guid":{"rendered":"https:\/\/shop.magian.com.ar\/?post_type=product&#038;p=1129"},"modified":"2025-08-05T20:23:10","modified_gmt":"2025-08-05T23:23:10","slug":"manta-pie-de-cama-de-polar-fleece-luminico-balones","status":"publish","type":"product","link":"https:\/\/shop.magian.com.ar\/index.php\/producto\/manta-pie-de-cama-de-polar-fleece-luminico-balones\/","title":{"rendered":"Manta Pie de Cama de Polar Fleece Lum\u00ednico (Balones)"},"content":{"rendered":"<p>Tela de Polar Fleece Lum\u00ednico, de textura s\u00faper suave y abrigada. Brilla en la oscuridad, lo que la hace ideal para ni\u00f1os.<\/p>\n<p>Color: Celeste \/ Estampado<\/p>\n<p>Composici\u00f3n: 100 % Poliester<\/p>\n<p>Medidas:<\/p>\n<ul>\n<li>Largo: 230 cm.<\/li>\n<li>Ancho: 162 cm.<\/li>\n<\/ul>\n<p>&nbsp;<\/p>\n","protected":false},"excerpt":{"rendered":"<p><img decoding=\"async\" loading=\"lazy\" class=\"alignnone wp-image-1131\" src=\"https:\/\/shop.magian.com.ar\/wp-content\/uploads\/2025\/04\/1-1-300x300.jpg\" alt=\"\" width=\"280\" height=\"280\" srcset=\"https:\/\/shop.magian.com.ar\/wp-content\/uploads\/2025\/04\/1-1-300x300.jpg 300w, https:\/\/shop.magian.com.ar\/wp-content\/uploads\/2025\/04\/1-1-150x150.jpg 150w, https:\/\/shop.magian.com.ar\/wp-content\/uploads\/2025\/04\/1-1-100x100.jpg 100w, https:\/\/shop.magian.com.ar\/wp-content\/uploads\/2025\/04\/1-1.jpg 476w\" sizes=\"(max-width: 280px) 100vw, 280px\" \/><\/p>\n","protected":false},"featured_media":1165,"template":"","meta":{"site-sidebar-layout":"default","site-content-layout":"","ast-site-content-layout":"default","site-content-style":"default","site-sidebar-style":"default","ast-global-header-display":"","ast-banner-title-visibility":"","ast-main-header-display":"","ast-hfb-above-header-display":"","ast-hfb-below-header-display":"","ast-hfb-mobile-header-display":"","site-post-title":"","ast-breadcrumbs-content":"","ast-featured-img":"","footer-sml-layout":"","theme-transparent-header-meta":"default","adv-header-id-meta":"","stick-header-meta":"","header-above-stick-meta":"","header-main-stick-meta":"","header-below-stick-meta":"","astra-migrate-meta-layouts":"set"},"product_cat":[31,46,62],"product_tag":[],"_links":{"self":[{"href":"https:\/\/shop.magian.com.ar\/index.php\/wp-json\/wp\/v2\/product\/1129"}],"collection":[{"href":"https:\/\/shop.magian.com.ar\/index.php\/wp-json\/wp\/v2\/product"}],"about":[{"href":"https:\/\/shop.magian.com.ar\/index.php\/wp-json\/wp\/v2\/types\/product"}],"wp:featuredmedia":[{"embeddable":true,"href":"https:\/\/shop.magian.com.ar\/index.php\/wp-json\/wp\/v2\/media\/1165"}],"wp:attachment":[{"href":"https:\/\/shop.magian.com.ar\/index.php\/wp-json\/wp\/v2\/media?parent=1129"}],"wp:term":[{"taxonomy":"product_cat","embeddable":true,"href":"https:\/\/shop.magian.com.ar\/index.php\/wp-json\/wp\/v2\/product_cat?post=1129"},{"taxonomy":"product_tag","embeddable":true,"href":"https:\/\/shop.magian.com.ar\/index.php\/wp-json\/wp\/v2\/product_tag?post=1129"}],"curies":[{"name":"wp","href":"https:\/\/api.w.org\/{rel}","templated":true}]}}